2 - 4*r**2. What is the remainder when x(4) is divided by 27?
26
Suppose -5*o - 33 + 108 = 0. What is the remainder when 72 is divided by o?
12
Let r(n) = n - 5. Let g(d) = d**2 - 3*d + 2. Calculate the remainder when g(4) is divided by r(9).
2
Let k(g) = -6*g + 2. Let p be k(-2). Suppose 2*s + 6 = -4*i + 156, 0 = 3*s - 4*i - 175. Suppose s - p = 3*h. What is the remainder when h is divided by 6?
5
Suppose -t + 0 = -3, 4*t = 3*z - 129. Calculate the remainder when z is divided by 12.
11
Let q = 6 - 2. Suppose -t = q*t + 85. Let n = -4 - t. What is the remainder when 38 is divided by n?
12
Let r = 26 + -18. Suppose 2*s = -l - 2*l + 20, 4 = 2*s - l. What is the remainder when s*2/4 + 13 is divided by r?
7
What is the remainder when 92 is divided by (8/(-6))/((-8)/144)?
20
Let j be -31 + -1 + -2 + 5. Let v = -18 - j. What is the remainder when v is divided by 7?
4
Let u be 6/12 + (-2)/(-4). Let s(z) = 13*z**2 + 1. What is the remainder when u - -2 - 2 - -40 is divided by s(1)?
13
Suppose 3*a - 4*d = 14, 5*d + 22 + 3 = 0. Let h(i) = -i + 3. Let n(c) = -2*c + 3. Let l(b) = -7*h(b) + 6*n(b). What is the remainder when l(a) is divided by 3?
1
Let o be (0 + 2)*117/2. Suppose -o = -5*q + 98. Calculate the remainder when q is divided by ((-12)/10)/(2/(-25)).
13
What is the remainder when 178 is divided by (-94)/18 + 5 + 164/9?
16
Let a(x) = -3*x + 2*x + 0*x + 3. Suppose -140 = -4*c - c. Calculate the remainder when c is divided by a(-7).
8
Suppose -5*l = -15, -4*d = -8*d - 2*l + 130. What is the remainder when 92 is divided by d?
30
Calculate the remainder when 4*6*132/48 is divided by 21.
3
Let t(x) = x**3 + 9*x**2 - 12*x - 14. What is the remainder when 10 is divided by t(-10)?
4
Suppose -3*j + 3*l = -9, -5 = -5*j - 3*l - 2*l. Let m = j + 0. Suppose 10 = m*p - 4*p, 2*p + 19 = a. Calculate the remainder when a is divided by 4.
1
Suppose 5*d + 2*r = 267, 0 = d - 4*d - r + 160. What is the remainder when d is divided by 9?
8
Let y = -13 - -34. Let n = y - 3. Calculate the remainder when 70 is divided by n.
16
Let o(d) = d**3 - d**2 + 18. Let w = -3 + 3. Calculate the remainder when -1*(1 + 1) - -54 is divided by o(w).
16
Let r = 25 - -15. Suppose -5*p = z - 36, 8*z - 3*z = -5*p + r. Suppose y = -0*y + 3*q + 10, 3*y - 3*q = 36. Calculate the remainder when y is divided by p.
6
Suppose 2*s + 3*s - 70 = 0. Calculate the remainder when 54 is divided by s.
12
Suppose x + 4*x = 125. Calculate the remainder when 73 is divided by x.
23
Let x(r) = r**3 + 6*r**2 - 2*r - 8. Let q be x(-6). Suppose 3*a - 9 = -4*d + 3, -12 = q*d. Let u = -24 + 38. Calculate the remainder when u is divided by a.
6
Let f(m) = m**3 + 4*m**2 - 7*m. What is the remainder when 18 is divided by f(-5)?
8
Suppose -5*i = -10, -2*x + i = -14 - 0. Calculate the remainder when 19 is divided by x.
3
Let m = 1 + -1. Suppose 6*c - 3*c = 6. Suppose c*p = -m*p + 28. What is the remainder when 26 is divided by p?
12
Let i(y) = 5*y**2 + 43*y + 13. Suppose 0*j = j - 11. What is the remainder when i(-9) is divided by j?
9
Suppose -u = 3*f + 2*f + 6, 3*u - 20 = 4*f. Suppose -13 = -k - v, -2*k + 6 = u*v - 26. What is the remainder when 17 is divided by k?
7
Let g(z) = -10*z - 47. What is the remainder when 141 is divided by g(-6)?
11
Suppose 0 = -2*d + 4*r + 46, -r - 3 = -1. Calculate the remainder when 523/7 - 4/(-14) is divided by d.
18
Let a(k) = -2*k - 1. What is the remainder when a(-5) is divided by -2 + (0 - -2 - -4)?
1
Suppose -2*j = -7*j + 25. Let m be 6/j - (-3)/(-15). Calculate the remainder when 17 is divided by ((-4)/6)/(m/(-15)).
7
Let b(f) = f**3 + 12*f**2 + f + 15. Let z(q) = q**3 - q**2 + q + 1. Calculate the remainder when z(2) is divided by b(-12).
1
Suppose 5*a - 80 = -5*v, 1 = 2*a - 5. Calculate the remainder when 23 is divided by v.
10
Let z = 17 - 13. Let j = 4 + z. What is the remainder when j is divided by 3?
2
Suppose 4*k = 23 + 29. Let d(a) = 3*a. Let t be d(1). Suppose -10 = -t*v + v. What is the remainder when k is divided by v?
3
Let r(x) = 60*x**2 + 2*x + 1. Calculate the remainder when r(-1) is divided by 12.
11
Let m = 18 - -4. What is the remainder when m is divided by 1 - -10*(-2)/(-4)?
4
Let j be (-20)/6*18/5. Calculate the remainder when ((-80)/j)/(3/9) is divided by 11.
9
Let h(p) = 2*p + 6. Let i be h(-13). What is the remainder when 63 is divided by 4/i - (-222)/10?
19
Let w(a) = a**3 + 2*a**2 - 4*a. Let b be w(-3). Suppose -u - 4 = b*z, 2*u - 3 = -u - 4*z. Calculate the remainder when (-2)/(((-4)/26)/1) is divided by u.
3
Suppose -3*p + 203 = 5*r - 4*r, 5*r - 131 = -2*p. What is the remainder when p is divided by 24?
20
Suppose j + 5*u + 42 = -j, -5*j + 4*u = 105. Let r = -12 - j. What is the remainder when 63/(-14)*(-32)/6 is divided by r?
6
What is the remainder when 61 is divided by (-6)/(7 + -1)*(-63)/3?
19
Calculate the remainder when 24 is divided by 165/25 + (-8)/(-20).
3
Suppose 0*b = b - 2*w - 9, -4*b - 2*w = 14. Let j be (1 - -1 - 23)*1. Let n = b - j. Calculate the remainder when n is divided by 11.
9
Let a(l) = 4*l + 42. What is the remainder when 48 is divided by a(-8)?
8
Let a(r) = 6*r**2 + 8*r - 4. Let x(o) = o**2 + o. Let n(z) = a(z) - 5*x(z). What is the remainder when n(-6) is divided by 5?
4
Let l = -47 + 79. Calculate the remainder when 126 is divided by l.
30
Let j(n) = -7 - n**2 + 3*n**2 + 3. Calculate the remainder when 40 is divided by j(3).
12
Let o = 29 + 10. Suppose 4*j - o = 1. Calculate the remainder when j is divided by 4.
2
Suppose 2*c = -8*c + 260. Calculate the remainder when 259 is divided by c.
25
Suppose -3*p + 2*p + 14 = 4*r, -4*r + 12 = 2*p. Let f = r - 0. Let y(j) = -j**3 + 5*j**2 + 3*j + 1. Calculate the remainder when y(f) is divided by 10.
9
Suppose 150 = 3*r - 3*z, 0 = r + 4*r - 2*z - 241. Calculate the remainder when r is divided by -2*(-2)/(-8)*-24.
11
Let t(d) = 14*d**3 + 2*d - 1. Let h be (-4 - -1)*(0 - 1). Suppose 2*i - 10 = 2*g, -h = -i - 5*g + 20. What is the remainder when t(1) is divided by i?
7
Suppose i - b - 3*b = 16, 3*i + 2*b - 20 = 0. Let o = -4 + i. Suppose 5*u - 154 = -o. Calculate the remainder when u is divided by 16.
14
Suppose -7*m + 2*m = 25. Let i = 0 + m. What is the remainder when (i - -1)*(-13)/2 is divided by 14?
12
Suppose -4*m + 2 = -6. Suppose -3 = -3*h + 9. Calculate the remainder when 1 - 8/m - -14 is divided by h.
3
Let k = 216 - 47. Let q be (-1 - -3) + (3 - 3). Suppose -5*p = -q*r + 45 + 44, -4*r + p = -k. What is the remainder when r is divided by 11?
9
Calculate the remainder when 23 + 1 + (0 - 4) is divided by 11.
9
Let k = 3 - 1. Calculate the remainder when k is divided by 1.
0
Calculate the remainder when 29 is divided by (0 + 4)*9/6.
5
Suppose -10 - 22 = -4*q. Calculate the remainder when 14 is divided by q.
6
Let y = 54 + -25. Calculate the remainder when y is divided by 2.
1
Suppose -2*h + 105 = -9. Let q = 82 - h. Calculate the remainder when 48 is divided by q.
23
Let n(l) = -7 + 4*l**2 + l - 4*l - 3*l**2. Let u be n(5). Suppose 2*i - 22 = -4*g, -1 + 7 = -u*g + 3*i. What is the remainder when 11 is divided by g?
2
Suppose -128 = -11*j + 7*j. Calculate the remainder when 61 is divided by j.
29
What is the remainder when 27 is divided by -4*(-18)/4 - 2?
11
Let z = 2 + -2. Suppose 4*l - 7*l + 33 = z. Calculate the remainder when 42 is divided by l.
9
Suppose 0 = -3*g + g + 16. Suppose -271 = -3*f + 197. What is the remainder when g is divided by 1/8 - f/(-32)?
3
Suppose -4*m - 50 = -2*i + i, -5*i - 5*m = -250. Calculate the remainder when i is divided by 10/(-4)*(-312)/30.
24
Let d(q) = 26*q + 11. Let k(j) = -9*j - 4. Let i(t) = -3*d(t) - 8*k(t). Suppose -2*x + 2 - 8 = 0. What is the remainder when 33 is divided by i(x)?
16
Let y(r) = -r**3 + 16*r**2 + 2*r - 9. Calculate the remainder when 60 is divided by y(16).
14
Suppose -b + 3*v = b - 336, -674 = -4*b + 5*v. Let o = b + -65. Suppose 0 = -3*p - 6, -5*q + 2*p + p + o = 0. What is the remainder when 59 is divided by q?
19
Let d(w) = -2*w + 44. What is the remainder when 49 is divided by d(13)?
13
Let v(d) = d + 31. What is the remainder when 103 is divided by v(-10)?
19
Suppose -5*t = h - 445, -3*t + h + 267 = -2*h. Suppose -5*c = -t + 34. What is the remainder when 32 is divided by c?
10
Calculate the remainder when 19 is div